 34*q**2 - 8*q + 8. What is the tens digit of f(o)?
2
Let q(d) = 26*d**2 - 330*d + 3055. What is the units digit of q(9)?
1
What is the hundreds digit of 61 - 61 - (-15783 + -2)?
7
Let k(j) = -j**3 + 17*j**2 + j - 16. Let l be k(17). Let x be l/(4/2)*86. Let w = x + 23. What is the units digit of w?
6
Suppose 2*d + 0*d = 5*s + 2565, -20 = 4*s. Suppose -t = -3*r + d, -5*t - 46 = -4*r + 1629. What is the hundreds digit of r?
4
What is the hundreds digit of (-30028)/(-4) + 33/(-3)?
4
Let b(a) = -19*a**3 - 15*a**3 - 16 - 24*a**3 - 8*a - 3*a**2 + 60*a**3. What is the units digit of b(8)?
2
Suppose -6*f - 1 = -7*f. What is the units digit of (20/30*-6)/(f/(-62))?
8
Let u(l) = -6*l + 29. Let i be u(4). Suppose -2*x + 271 = -i*k, -x = 4*k - 36 - 67. What is the hundreds digit of x?
1
What is the units digit of ((-124)/(-3))/(1 - -3246*(-1)/3258)?
2
Let w(u) = 29*u + 272. Let z be w(-11). Suppose 3*o = -2*o - 5. What is the units digit of -1 + (-3)/o - z?
9
Let i = -66 - -86. Suppose i*p = 25*p - 350. What is the units digit of p?
0
Let w(r) = 269*r**3 - r**2 + 6*r + 16. Let o be w(-2). Let l = 3440 + o. What is the units digit of l?
8
What is the units digit of 14715/6*(-680)/(-102)?
0
Let f(v) = -v - 13. Let x be f(-16). Suppose -2*l + 189 + 135 = 5*u, -x*u = -2*l - 204. Let p = u - 0. What is the units digit of p?
6
Let x(r) be the first derivative of -2*r**2 - 10*r - 30. Let o be x(-3). Suppose 0 = 5*p - 3*i - 576, i + o*i + 462 = 4*p. What is the units digit of p?
4
Suppose 3*n - 101 - 4 = 0. Suppose n*j - 13*j - 12892 = 0. What is the hundreds digit of j?
5
What is the hundreds digit of 49338/8 + 3294/(-1464)?
1
Let o = 239 - 123. Let j be 102 + (-2)/2 - o/(-58). Let u = j + -65. What is the tens digit of u?
3
What is the units digit of (22/(-4))/(10/(-1260))*6?
8
Let n be (20/(-3))/(-7 + 71428/10206). Suppose -140*x + n = -134*x. What is the hundreds digit of x?
8
What is the units digit of (12 - (-180)/(-12)) + 8331?
8
Suppose -3036202 = -187*b + 2654580 - 19820. What is the units digit of b?
6
Let m be 1 + -8 - -13 - 15. What is the tens digit of 20/(m/594*-4)?
3
Let j(m) = -m**3 + 5*m**2 - 15*m + 10. Let r be j(5). What is the tens digit of 2/10 - 60112/r?
2
What is the units digit of (3225/125 + -27)*(-59560)/6?
2
Suppose 11 + 13 = -2*j. Let l(x) = x**3 + 12*x**2 + x - 24. Let a be l(j). Let n = a + 206. What is the units digit of n?
0
Suppose -53014 = -7469*j + 7456*j. What is the tens digit of j?
7
Let s(z) = 5*z**2 - 2*z + 9632. What is the hundreds digit of s(0)?
6
Let t(d) = 5617*d + 1603. What is the units digit of t(4)?
1
Let d(u) = u**3 + 34*u**2 - 159*u + 398. What is the ten thousands digit of d(24)?
2
Let k(t) = -3*t + 32. Let w = 41 + -37. Let c be 3 - (18 - w/(-2)). What is the tens digit of k(c)?
8
Let g(w) = w**2 - 22*w + 136. Let y be g(12). Let k(x) be the second derivative of x**4/12 - 13*x**3/6 - x**2/2 - x. What is the tens digit of k(y)?
4
Suppose -h + 58 = -3*r, 4*r = -3*h + r + 162. Let p = 18 + h. Suppose -4*k = 5*w - 270, -k - 8*w = -4*w - p. What is the tens digit of k?
6
Suppose u = 1192 + 1136. What is the hundreds digit of u?
3
Let j(z) = 4*z - 31 + 0*z + 5*z. Suppose -114*k + 89 = -595. What is the units digit of j(k)?
3
Let n(d) be the third derivative of 97*d**4/24 - 41*d**3/3 + d**2 + 47*d. What is the hundreds digit of n(7)?
5
Suppose 65*d - 69*d = 5808. Let f be (-49)/(-7) - 4 - (0 + d). Suppose 0 = 5*q + 2*m - f, 2*q - 747 + 165 = -4*m. What is the tens digit of q?
9
Let w be 8/(((-2)/28)/(-1)). Let o(h) = h**3 + 61*h**2 + 62*h + 122. Let f be o(-60). Suppose -3*r = l - 56, f*l - 5*r - w = -0*l. What is the units digit of l?
6
Let n(d) = 5*d - 13. Let w be n(9). Suppose 2*t - 332 = -116. Let o = w + t. What is the tens digit of o?
4
Suppose -9*f + 3095 = -4456. Suppose 6*a - f - 439 = 0. What is the tens digit of a?
1
Suppose -3*s + 4926 = 3*n, -s - 220 + 215 = 0. What is the hundreds digit of n?
6
Let o(w) = 14*w**3 - 7*w**2 + 5*w - 156. Let d be o(9). What is the units digit of (d/2)/4 + -8 + 3?
6
Suppose 0 = -28*p + 45*p + 323. What is the units digit of 313 - p/((-133)/42)?
7
Let a be (-15)/9 + 1280/12. Suppose 1828 = -101*s + a*s. What is the hundreds digit of s?
4
Suppose 5*c = 4*k + 14 + 17, 4*c + 3*k = 0. Suppose 5*p = -2*b + 718, -c*p - 5*b = -p - 304. What is the units digit of p?
2
Let x = 7329 - 7323. Suppose -3*y = 1 - 4. What is the hundreds digit of y/((-2)/x) + 735/5?
1
Suppose -17*t = -6*t. Suppose 632 = 4*i - t*i. What is the units digit of i?
8
Suppose -14*z + 66 + 32 = 0. What is the units digit of (-5 + 37/z)*581?
6
Let o be (-4)/(-28) - 60/(-21). Suppose o*r - 15 = 0, -149 = -2*l + l - 3*r. Suppose -t - t + l = 0. What is the tens digit of t?
6
Let h be (-2720)/(-50) - 3/(-5). Let t = 1047 + 12528. What is the hundreds digit of t/h + (-4)/(-22)?
2
Suppose 5*n = 15*n + 3*n - 286728. What is the hundreds digit of n?
0
Let o = 50 - 38. Let m be (-5)/30 - (-578)/o. What is the tens digit of (-16)/m - 1280/(-6)?
1
Let m(h) = -20*h - 236. Let v be m(-12). Suppose 25*n = 21*n + 5*i + 1260, -v*n + 1284 = i. What is the units digit of n?
0
Let x = -96 - -52. Let u = x + 57. Suppose 6*o - u*o = -56. What is the units digit of o?
8
Let y = 13380 + 5286. Suppose 18*s = -16*s + y. What is the tens digit of s?
4
Suppose 314044 = 8*f + 2*v, -4*v + 22 = 30. What is the units digit of f?
6
Let z(n) = -1161*n - 7525. What is the hundreds digit of z(-10)?
0
What is the units digit of 5561964/396 - ((-75)/(-55) - 1)?
5
Let a(q) = -514*q**3 - 2*q**2 + 2*q + 4. Let b be a(-2). Suppose -4*u + 1018 = -y + 6*y, -998 = -4*u + 5*y. What is the units digit of b/u + ((-8)/(-14))/(-2)?
6
Let j(r) = 5*r**2 - 10*r + 8. Let k be j(4). What is the tens digit of ((-9)/6*-1)/(k/15520)?
8
What is the units digit of 5 + (4974 - (-6 - -3)) + 5?
7
Suppose 3*p - 465 = -k + 844, 3*k - 3901 = 4*p. Let u = k + -620. What is the tens digit of u?
8
Let c be (0 + 1)/1 + -1. Let d(q) = -2*q**2 + 4*q + 1. Let n be d(1). Suppose 5*x - 10 = c, n*f = -2*f - 4*x + 478. What is the tens digit of f?
9
Let h(t) = 215*t - 235*t + 134*t - 5. What is the hundreds digit of h(4)?
4
Let j be (-4)/28 - 30/(-14). Suppose -3*c - 343 + 1243 = 2*p, c + j*p = 296. Suppose -c = -5*a + 58. What is the tens digit of a?
7
Suppose 2*v - 5*o - 24705 = 0, 0 = -37*o + 33*o + 20. What is the hundreds digit of v?
3
Suppose 2*o = -3*m - 0*o + 35, -m - 5*o - 10 = 0. Suppose 2*u + 75 = -m. What is the hundreds digit of 3*(-5)/(u/438)?
1
Suppose -a - g = 5, 5*g = -a - 0*a + 11. Let x be (a/((-162)/12))/(4/30). Suppose 34 - 339 = -x*n. What is the tens digit of n?
6
Suppose 125 = -2*b - 157. Let d = b + 82. What is the tens digit of -17 - -18 - (d + 0)?
6
Suppose 72*o - 2*m - 24 = 68*o, 5*o - 8 = -3*m. Suppose 16 = -o*z, -2*y + 1186 = 4*z - z. What is the units digit of y?
9
Let v(q) = -21 + 14*q - 2*q + 26 + 89. What is the units digit of v(6)?
6
What is the units digit of 3*(-9300)/(-25 + 5)?
5
Let k = 132 + 4980. What is the tens digit of k?
1
Suppose n + 0*c - 3*c = 17, 5*n + 2*c = 17. Suppose 2818 = 5*g + 4*i, n*g - 3*g = -2*i + 1126. What is the hundreds digit of g?
5
Let o(s) be the second derivative of s**4/6 - 33*s**2/2 + 5*s. Suppose -244 = -47*t - 761. What is the tens digit of o(t)?
0
Suppose -c = 4*b + 4*c + 69, c + 102 = -5*b. Let d(w) = w**3 + 20*w**2 - 22*w - 21. Let p be d(b). Suppose 0*r + 3*r - 378 = p. What is the units digit of r?
6
Let v = 19175 - -4667. What is the tens digit of v?
4
Let z = -8221 + 15115. What is the units digit of z?
4
Let s = 76 + -86. Let i be ((-316)/8)/(1/s). Suppose -3*m + i = 5*p, 3*m = 3*p + 378 + 9. What is the hundreds digit of m?
1
Let h(f) = 3*f**2 - 12*f + 12. Let b be h(3). What is the units digit of (2/b)/(138/127719)?
7
Let k(v) = v**2 + v - 25. Let s be -8*15/(-100)*-5*1. Let u be k(s). Suppose -x - x + j + 112 = 0, 0 = -u*x + 3*j + 281. What is the tens digit of x?
5
Suppose -4*l - 31901 = 4*x - 106865, 5*l - 5*x - 93775 = 0. What is the thousands digit of l?
8
Suppose -4*n - 20 = 9*v - 11*v, 4*v = 4*n + 36. What is the units digit of 329 - 3 - 8*4/v?
2
Let a(g) = -349*g**3 + 2*g**2 + 2*g. Suppose 5*q = 4*n + 9, 5*n - 2*n - 4*q = -7. What is the units digit of a(n)?
9
What is the thousands digit of 40/(